{"version":"1.0","provider_name":"Amal, Frankfurt!","provider_url":"https:\/\/amalfrankfurt.de\/de\/","author_name":"Julia Gerlach","author_url":"https:\/\/amalfrankfurt.de\/de\/author\/julia\/","title":"Perfekt integriert - Amal, Frankfurt!","type":"rich","width":600,"height":338,"html":"<blockquote class=\"wp-embedded-content\" data-secret=\"q1UACGxz5k\"><a href=\"https:\/\/amalfrankfurt.de\/de\/2025\/01\/16\/perfekt-integriert\/\">Perfekt integriert<\/a><\/blockquote><iframe sandbox=\"allow-scripts\" security=\"restricted\" src=\"https:\/\/amalfrankfurt.de\/de\/2025\/01\/16\/perfekt-integriert\/embed\/#?secret=q1UACGxz5k\" width=\"600\" height=\"338\" title=\"&#8222;Perfekt integriert&#8220; &#8211; Amal, Frankfurt!\" data-secret=\"q1UACGxz5k\" frameborder=\"0\" marginwidth=\"0\" marginheight=\"0\" scrolling=\"no\" class=\"wp-embedded-content\"><\/iframe><script type=\"text\/javascript\">\n\/* <![CDATA[ *\/\n\/*! This file is auto-generated *\/\n!function(d,l){\"use strict\";l.querySelector&&d.addEventListener&&\"undefined\"!=typeof URL&&(d.wp=d.wp||{},d.wp.receiveEmbedMessage||(d.wp.receiveEmbedMessage=function(e){var t=e.data;if((t||t.secret||t.message||t.value)&&!\/[^a-zA-Z0-9]\/.test(t.secret)){for(var s,r,n,a=l.querySelectorAll('iframe[data-secret=\"'+t.secret+'\"]'),o=l.querySelectorAll('blockquote[data-secret=\"'+t.secret+'\"]'),c=new RegExp(\"^https?:$\",\"i\"),i=0;i<o.length;i++)o[i].style.display=\"none\";for(i=0;i<a.length;i++)s=a[i],e.source===s.contentWindow&&(s.removeAttribute(\"style\"),\"height\"===t.message?(1e3<(r=parseInt(t.value,10))?r=1e3:~~r<200&&(r=200),s.height=r):\"link\"===t.message&&(r=new URL(s.getAttribute(\"src\")),n=new URL(t.value),c.test(n.protocol))&&n.host===r.host&&l.activeElement===s&&(d.top.location.href=t.value))}},d.addEventListener(\"message\",d.wp.receiveEmbedMessage,!1),l.addEventListener(\"DOMContentLoaded\",function(){for(var e,t,s=l.querySelectorAll(\"iframe.wp-embedded-content\"),r=0;r<s.length;r++)(t=(e=s[r]).getAttribute(\"data-secret\"))||(t=Math.random().toString(36).substring(2,12),e.src+=\"#?secret=\"+t,e.setAttribute(\"data-secret\",t)),e.contentWindow.postMessage({message:\"ready\",secret:t},\"*\")},!1)))}(window,document);\n\/* ]]> *\/\n<\/script>\n","thumbnail_url":"https:\/\/amalfrankfurt.de\/wp-content\/uploads\/sites\/5\/2025\/01\/IMG_5764-e1736860626610-630x420-1.jpg","thumbnail_width":630,"thumbnail_height":420,"description":"Es ist Wahlkampf und Thema Integration ist mal wieder das, wor\u00fcber alle Parteien streiten. Wir st\u00fcrzen uns ins Get\u00fcmmel und streiten mit. Aber, wor\u00fcber eigentlich? Was ist eigentlich Integration? Wann ist eine Person integriert und woran erkennen wir Un-Integrierte? Darum soll es in diesem Newsletter gehen und sie ahnen es schon: Wir haben dazu unsere... Weiter &raquo;"}

Es ist Wahlkampf und Thema Integration ist mal wieder das, worüber alle Parteien streiten. Wir stürzen uns ins Getümmel und streiten mit. Aber, worüber eigentlich? Was ist eigentlich Integration? Wann ist eine Person integriert und woran erkennen wir Un-Integrierte? Darum soll es in diesem Newsletter gehen und sie ahnen es schon: Wir haben dazu unsere... Weiter &raquo;
